 common divisor of 7 and w?
7
Suppose 4*f - 12 + 0 = j, -5*j - 10 = 5*f. Let g = -1 + f. Suppose 0 = -3*h + 16 - g. What is the greatest common divisor of h and 10?
5
Let b = 43 - 15. Let i = 50 + -40. Suppose -i*c = -3*c - 784. Calculate the highest common divisor of b and c.
28
Suppose 2*a = -3*w + 29, 0*w + 41 = 5*a - 3*w. Let v(u) = 3*u - 31. Let i be v(11). What is the greatest common divisor of a and i?
2
Suppose 3 = -f, -2*z + 582*f + 3873 = 579*f. Calculate the greatest common factor of z and 84.
84
Suppose 8*r - 47 = 281. Calculate the highest common divisor of 205 and r.
41
Let s = -150 + 157. Suppose 0*l - 2 = -l. Suppose 2*b - 45 = -5*t, 0*t + l*t = 3*b - 1. What is the highest common divisor of s and t?
7
Let d be ((-45)/(-7))/((-516)/(-1204)). Suppose -l = 2*u - 236, 0*l + 5*u = 4*l - 970. Suppose -2*q = -0 - l. Calculate the highest common factor of d and q.
15
Let b be (0 - -4)*(18 - -14). Suppose -2*x + 16 + 56 = 3*i, -4*x - 2*i = -b. What is the highest common factor of 6 and x?
6
Let a = -27 - -55. Let v be 1 + 6/3 + a. What is the highest common factor of v and 217?
31
Let c = -526 - -537. Calculate the greatest common factor of 11 and c.
11
Let c be 4*2*(-27 + 28) + -6. Let q(f) = f - 2. Let r be q(9). What is the greatest common divisor of r and c?
1
Let k = 7 - -5. Let j(q) = 2*q**2 - 10*q - 12. Suppose 17 = 5*y - 28. Let v be j(y). Calculate the greatest common factor of k and v.
12
Suppose -26 = -2*a + 3*d, a + 2*a - d - 32 = 0. What is the highest common divisor of 5 and a?
5
Let v = -1308 + 1342. Calculate the greatest common divisor of v and 2.
2
Let g(h) = 3*h**2 - 47*h + 310. Let z be g(8). Calculate the highest common factor of 224 and z.
14
Suppose 0 = -23*p + 19*p + 6080. Suppose -18*l = -23*l + p. What is the greatest common divisor of l and 38?
38
Suppose 1 - 2 = -z. Let m be 36/8*-6*z. Let s = -13 - m. Calculate the greatest common divisor of s and 70.
14
Suppose 224 = 2*f - 28. Suppose 26*n - 20580 = -219*n. Calculate the highest common factor of n and f.
42
Suppose -12 = -2*u - 2*u. Suppose u*n + 2*d = n + 6, -4*d = 3*n - 9. Calculate the greatest common divisor of n and 3.
3
Suppose -7*i - i = -24. Suppose 3*o + q - 238 = 0, i*o - 3*q = 99 + 147. Calculate the highest common divisor of o and 10.
10
Suppose 23*w - 5476 = -14*w. What is the greatest common divisor of w and 185?
37
Suppose -3*i - 410 = -8*i. Let s = -48 + i. What is the highest common divisor of 17 and s?
17
Let x(v) = -v**2 + 10*v - 7. Let h be x(4). Calculate the greatest common factor of h and 51.
17
Suppose 0 = -0*y + 2*y - 5*x - 50, -50 = -2*y - 3*x. Suppose -m + 81 - y = 0. Calculate the greatest common factor of m and 14.
14
Let b(h) = h**2 - 6*h + 5. Let x = 67 - 42. Suppose -10 - x = -5*w. Let c be b(w). What is the greatest common factor of c and 60?
12
Let a(v) = v**2 - 35*v + 120. Let w be a(33). What is the greatest common factor of w and 81?
27
Let h be (7/(-2))/(13/26). Let a be (-4 - -2)*h*-4. Let c = -30 - a. Calculate the greatest common factor of c and 26.
26
Let q be 39*1/(-9)*-3. Let x = -46 + -106. Let r = -87 - x. What is the highest common divisor of q and r?
13
Suppose 74 + 17 = 4*d + c, -4*d = -5*c - 121. Suppose 208 = m + 4*g, -7*g + 784 = 4*m - 3*g. Calculate the greatest common divisor of d and m.
24
Suppose -1225*p + 1222*p + 36 = 0. Calculate the greatest common divisor of p and 294.
6
Let z(t) = t**2 + 13*t + 15. Let s be z(-12). Suppose -4*y + s*y + 11 = 0. What is the highest common factor of y and 33?
11
Let u = 35 - -19. Let s(t) = t**3 - 11*t**2 - 11*t + 6. Let c be 9/((-18)/(-20)) - -2. Let v be s(c). What is the highest common factor of v and u?
18
Let x = -77 + 172. What is the highest common divisor of x and 57?
19
Let g be (1*-300)/((-198)/132). Calculate the greatest common factor of g and 575.
25
Let r be ((-3)/2)/((-9)/108). Suppose -5*y + 2*h + 225 = 0, -y - 2*h = -3*h - 45. What is the greatest common divisor of r and y?
9
Let y(i) be the second derivative of -i**4/12 + i**3 + 7*i**2/2 - 12*i. Let c be y(5). Calculate the greatest common factor of 6 and c.
6
Suppose -8 - 196 = -2*x. What is the greatest common divisor of x and 34?
34
Let c(d) = d + 22. Let g be c(-2). What is the highest common divisor of 140 and g?
20
Let x(r) = -r**3 - 4*r**2 + 4*r - 1. Let b be x(-5). Suppose -b = -a + 4. Calculate the greatest common factor of a and 8.
8
Suppose 5*j + 13 = -2*t, -5*j = t - 10*j - 31. What is the highest common divisor of t and 66?
6
Let p(o) = o**3 + 5*o**2 - o - 1. Let q be p(-5). Suppose -q*l = 5*a + 2, -l - 5*a - 6 = l. Calculate the greatest common divisor of l and 4.
2
Suppose 8*l + 332 + 140 = 0. Let q = -55 - l. Calculate the greatest common factor of 2 and q.
2
Suppose -5*b = v + 45, 4*b - 28 - 104 = 4*v. Let y = v - -59. Calculate the highest common divisor of 24 and y.
24
Let k(b) = 24*b - 348. Let v be k(17). Calculate the greatest common divisor of 132 and v.
12
Suppose 10*o - 321 = -2*d + 5*o, 3*d = 5*o + 519. What is the greatest common factor of 84 and d?
84
Let u = 36 + -31. Suppose 5*c - 18 = -0*p + 3*p, -u*c - 2*p = -38. Calculate the greatest common divisor of 4 and c.
2
Let w(t) = 2*t**3 + 4*t**2 - 5*t + 5. Let m be w(2). Suppose m*d - 24*d - 99 = 0. Calculate the greatest common divisor of 22 and d.
11
Let l be 1 - ((-5)/3)/(1/33). Let m = l - 21. Calculate the greatest common divisor of m and 7.
7
Suppose 3*b - 2*b = 52. Let d be b*((-12)/(-8) - 2). Let y = -24 - d. What is the highest common divisor of y and 3?
1
Let y be (9 + -13 - 3) + 859. What is the highest common factor of 6 and y?
6
Let f = -185 + -220. Let t = -149 - f. What is the highest common divisor of t and 32?
32
Suppose 3*h = -j + 36, -2*j - 3*h = -4 - 77. What is the greatest common divisor of j and 153?
9
Let m(k) = 230*k - 61. Let w be m(9). Calculate the highest common factor of w and 82.
41
Suppose g + g = 4*q + 66, 3*g - 3*q - 90 = 0. Suppose -2*z + 15 = -g. What is the highest common factor of z and 147?
21
Let a = -238 - -314. Calculate the highest common factor of a and 4.
4
Let c be (-15)/(-2 - (-1 - 9/(-6))). Let u = 12 + -5. Suppose -3*i - 228 = -5*m, -4*m + 211 - u = 3*i. What is the greatest common divisor of m and c?
6
Suppose 2*t = 5*i - 8*i + 55, 0 = -i + 3*t. Suppose 7*c - 3*c - 425 = -5*q, 0 = 5*c - 3*q - 522. Calculate the highest common divisor of c and i.
15
Suppose -8*f = -3*f - 465. Let n(z) = 6*z**2 + 5*z - 7. Let t be n(3). What is the highest common factor of t and f?
31
Suppose -2*d + 5*a = -0*d - 8677, d - 3*a - 4341 = 0. Calculate the greatest common divisor of d and 42.
42
Suppose 155 = 19*f + 19*f - 7*f. Suppose -4*j = 3*p - 103, 0 = j - 2*p - 1 - 22. Calculate the greatest common factor of j and f.
5
Suppose 4*w - 402 = 450. Suppose -y + 2 = 0, -3*q - y - 3*y + 161 = 0. Let k = q + w. Calculate the highest common factor of 24 and k.
24
Let r(g) = -12*g - 2. Let o be r(-1). Let a = o + -34. Let l be (16/a)/((-4)/6). Calculate the highest common factor of l and 11.
1
Suppose -5*h - 5*f + 82 = -48, -2*h + 22 = -4*f. Let b be 15/((-210)/(-4)) - 192/(-14). What is the greatest common divisor of h and b?
7
Let z(r) = -r**3 + 45*r**2 + 97*r - 54. Let h be z(47). Calculate the highest common divisor of h and 29.
29
Let i(m) = 6*m - 8. Let y be i(2). Suppose 0 = -2*z + 12 + y. Calculate the greatest common divisor of z and 48.
8
Suppose -4*s + 25 + 23 = 0. Suppose -33 = 9*r - s*r. Suppose -2*t - 2*k + 113 = -69, 5*k + 425 = 5*t. What is the highest common divisor of r and t?
11
Suppose 130 = -5*q + 4*k + 329, -5*k + 151 = 4*q. Suppose -4*g - 8 = 0, 2*b - g = -6*g + 16. What is the greatest common factor of b and q?
13
Let m(c) = 9*c - 36. Let g be m(-11). Let j be (8/10)/((-9)/g). Calculate the greatest common factor of 12 and j.
12
Let g be (18/(-5))/((-15)/225). Calculate the highest common factor of g and 1.
1
Suppose 125 = 5*l - 2*z, -49 = -8*l + 6*l + z. What is the greatest common factor of 1836 and l?
27
Suppose 40*z - 38*z - 34 = 0. Calculate the greatest common factor of 17 and z.
17
Suppose -1122*c + 1131*c = 99. Let x(j) = j**2 + 6*j + 3. Let m be x(-4). Let a be (-163)/m - 2/(-5). What is the highest common divisor of c and a?
11
Let c(t) = 3*t**2 - 12 - 17 + 42 